-22) + -1 + v/66.
2, 3, 5
Suppose -38 = -m - 15. Let g(v) = -6*v + 15*v + 2 + m*v + 4*v. List the prime factors of g(1).
2, 19
Suppose 44*a = 114951 + 106281. What are the prime factors of a?
2, 3, 419
Suppose -2*p - 7*g + 2 = -3*g, -5*g + 13 = -p. Let d(z) = 3*z**2 + 28*z + 27. Let n be d(-1). List the prime factors of 16 - (-2 - p*n).
2, 3
Suppose -5*m + 128 = -2*z, 7*m - 5*z - 92 = 4*m. Suppose -4*l + 4*v = -2*l - m, -4*l + 23 = -3*v. What are the prime factors of l?
2
Let p(j) = -31*j + j**2 - 8 + 21*j - 9. List the prime factors of p(15).
2, 29
Let z be 24/9 - 4/6. Suppose 4*r - z*q = 7 + 5, 0 = 2*r - 4*q - 18. What are the prime factors of 44 - r/(-2)*-2?
43
Let m be (20/7)/(4/14). Suppose -4*z = -m - 78. What are the prime factors of z?
2, 11
Let o be (2 + -1)/(3/6). List the prime factors of (888/16)/(1/o).
3, 37
Let c(m) = 5*m - 8. Let x be c(2). Suppose -x*s - 4*v + 130 = 0, -3*s + s - 2*v + 122 = 0. List the prime factors of s.
3, 19
Let f = 292 - 204. Let t = 33 + f. Suppose -5*l + 33 = x, -t = -5*x - 2*l - l. List the prime factors of x.
23
Suppose -268 = -4*v + 44. Suppose 2*g = -2*c + v, 4*g + 3*c - 150 = 5*c. What are the prime factors of g?
2, 19
Let q = 13 - 5. Suppose 2*w - 6*w = -q, -z = -5*w - 125. What are the prime factors of z?
3, 5
Let p(h) = 24*h + 20. Let b be p(9). Suppose -o + 48 + 6 = 4*n, 0 = 4*o - 4*n - b. What are the prime factors of o?
2, 29
Let i be ((-8)/3)/(18/27). Let s(v) = v**3 + 4*v**2 + v + 1. Let m be s(i). Let a(r) = 3*r**2 - r + 6. What are the prime factors of a(m)?
2, 3
List the prime factors of (-38 + 2*(-12)/8)*-73.
41, 73
Suppose 0 = -5*v + 12*v. Let d(w) = 10*w + 225. What are the prime factors of d(v)?
3, 5
Suppose p = 5*y + 2363, 4*y + 2517 = 2*p - 2227. What are the prime factors of p?
2, 29, 41
Let n be (-3)/(-3) - (2 + -1). Suppose -b - 4*b + 80 = n. Let w = b - -8. List the prime factors of w.
2, 3
Let y(f) = 3*f + 7. Let s = -11 + 19. Let q be y(s). Suppose -2*a + 3*z = -q, 3*z - 61 = a - 3*a. List the prime factors of a.
23
What are the prime factors of 88452/(-56)*((-20)/6 - 0)?
3, 5, 13
Let l(y) = 17*y**2 + y - 9. What are the prime factors of l(10)?
3, 7
Suppose -3*p + 6*p + 27 = 0. Let a(y) = y**3 + 11*y**2 + 9*y + 17. What are the prime factors of a(p)?
2, 7
Let t = 4 + -10. Suppose -i + 5 = n + 2*i, 5*i - 9 = -n. What are the prime factors of (1/3)/(n/t)?
2
Let t be (10 - 8)*2/(-4) + -1. What are the prime factors of (-41)/(2/(4/(-2))) + t?
3, 13
Suppose 2*o + k = 132, 5*o - 4*k = 145 + 159. Suppose 2*d - o = -2*d. What are the prime factors of d - ((-4)/(-2))/2?
3, 5
Let o be (-2 - -9 - 3) + 0. Suppose -3*i = 4*s - 2*s - 232, -o*s - 176 = -2*i. List the prime factors of i.
2, 5
Suppose 4*z - 4*b = 2132, 4*z + z = 3*b + 2655. List the prime factors of 12/3 + z/8.
2, 5, 7
What are the prime factors of 4 + 3 + (-8874)/(-17)?
23
What are the prime factors of ((-144)/(-40))/(8/6140)?
3, 307
Suppose -747 = -7*m + 975. List the prime factors of m.
2, 3, 41
Let m(t) be the first derivative of -23*t**2 - 2*t - 31. List the prime factors of m(-4).
2, 7, 13
Let x(i) = 4*i - 9 - i**2 - 27 + 126. What are the prime factors of x(0)?
2, 3, 5
Let w(o) = -7*o + 191. List the prime factors of w(-6).
233
Let k = -4 - 22. Let n = -23 - k. What are the prime factors of (19/(-3) + n)*-3?
2, 5
What are the prime factors of ((-5)/(-10))/((-1)/(-598))?
13, 23
Suppose 60 = 4*z - 2*z. Let p be 13 - 4/20*0. Let q = z - p. List the prime factors of q.
17
Suppose -2113 = -2*p - u, 2*u - u - 3167 = -3*p. List the prime factors of p.
2, 17, 31
Let z = 229 + 876. What are the prime factors of z?
5, 13, 17
Let k(l) = 132*l**2 - l - 2. Let w be k(-1). Suppose q + 2*b = w, 3*q + 7*b - 4*b - 387 = 0. List the prime factors of q.
127
Suppose 7*v - 347 - 724 = 0. Suppose 0 = 5*c - 2*l - v, c = -4*l + 3*l + 25. What are the prime factors of c?
29
Suppose 17*m - 22*m = -165. Suppose -3*b = -100 + 7. Suppose -j + m = -b. List the prime factors of j.
2
Let b be (3 - 9)*(-14)/(-4). What are the prime factors of b/7*1*-23?
3, 23
Suppose -1 = k - 2*q + 5*q, 3*q = 3*k - 21. Suppose -r = -k*r + 120. List the prime factors of r.
2, 3, 5
Let u = 1699 + -874. What are the prime factors of u?
3, 5, 11
Let o(c) = -2*c**2 - 25*c + 3. Let g(n) = -n**2 - 17*n + 2. Let a(b) = -7*g(b) + 5*o(b). Let x be a(9). What are the prime factors of 2/(-12) - x/48?
2, 3
Let n = -13 - -14. List the prime factors of (1 + 354/9)/(n/3).
11
Suppose -4*o = -21*o + 21573. List the prime factors of o.
3, 47
List the prime factors of (2/(-1) - -7)*(-281)/(-5).
281
Suppose 2*r = 6, -4*l - 2*r = -3*r - 3217. List the prime factors of l.
5, 7, 23
Let k be 51/2 + (-6)/(-12). Let p = -15 + k. What are the prime factors of p?
11
Let t = 3793 + -690. What are the prime factors of t?
29, 107
Let v(b) = -5*b - 214. Let z(n) = -n - 43. Let x(j) = 2*v(j) - 11*z(j). What are the prime factors of x(0)?
3, 5
Let z(o) = -o**2 - 39*o + 14. What are the prime factors of z(-21)?
2, 7
Let y(r) = 7*r**2 - 43*r + 25. Let u(j) = 3*j**2 - 21*j + 13. Let t(w) = -5*u(w) + 2*y(w). What are the prime factors of t(15)?
3, 5
Suppose -4*d - 3 = -t - 2*t, -5*t = -d - 22. List the prime factors of 50/(-4)*(155/(-25) + t).
3, 5
List the prime factors of (-2964)/(-9) - -12*1/(-9).
2, 41
Let r(o) = o**2 + 12*o - 11. Let p be r(-13). Suppose -4 = -3*a + 4*l, -a = p*l - 13 - 5. What are the prime factors of a?
2
Let v = -580 + 1689. What are the prime factors of v?
1109
Let q = 5 + -1. Suppose 12*s + 1171 = -3221. What are the prime factors of s/(-8) - 3/q?
3, 5
Let c = -14 + 14. Suppose 11 = z - c. What are the prime factors of z?
11
Let m(l) = 38*l + 283. List the prime factors of m(9).
5
Let f(m) = -59*m + 5. List the prime factors of f(-3).
2, 7, 13
Let k(t) = -11*t + 1. Let c(b) = 12*b - 1. Let a(y) = 3*c(y) + 4*k(y). Let h be a(-3). Let x = h + -19. What are the prime factors of x?
2, 3
Let i be (-4)/10*(-1 + -4). Suppose -i*l - 8 = -0*l - 4*t, 2*t = -4*l + 4. Suppose 3*q + l*q = 105. What are the prime factors of q?
5, 7
List the prime factors of (4948/15 - 2/(-15)) + -2.
2, 41
Let q be (-3 + 0 + 3)/3. Suppose 2*b + 2*b - 28 = q. Suppose b*f - 5*f - 18 = 0. What are the prime factors of f?
3
Let c be 1*-29 - (-6 + 5). Let p = -8 - c. What are the prime factors of p?
2, 5
Let b(r) = -2*r - 4. Let s be b(5). Let u = 2 - s. List the prime factors of u.
2
Let p(n) = -n**3 + 10*n**2 + 33*n - 11. List the prime factors of p(-15).
5119
Suppose -8*c - 92 = -10*c. List the prime factors of c.
2, 23
Let u = -1090 + 3243. List the prime factors of u.
2153
Suppose -21*u + 18*u = -6. Let o = 28 - -60. Suppose 2*z - o = -u*y, 3*z = 3*y - 57 - 57. List the prime factors of y.
41
Let g(a) = 170*a**2 - 16*a - 30. What are the prime factors of g(-3)?
2, 3, 43
Let u be (1 - -1)/(6/9). Suppose -2*v - 3*t = -93, u*v + 2*t = 4*v - 29. List the prime factors of v.
3, 13
Suppose 0 = 91*d - 42455 - 75663. List the prime factors of d.
2, 11, 59
Let g = -19 - -23. What are the prime factors of 128/g - (6 - 3)?
29
Let w(o) = 20*o**2 + 10*o - 26. What are the prime factors of w(-9)?
2, 47
Suppose 0 = 112*v - 132*v + 16420. List the prime factors of v.
821
What are the prime factors of (-5 - 196/(-35))/(1/1815)?
3, 11
Let m = -3 + 7. Suppose x - 5*x + 16 = 0. Suppose m*v + 23 = 3*b - 0, x*b - 16 = -2*v. List the prime factors of b.
5
Let j be (-3)/(-6)*10 - 1. List the prime factors of 2/(-4) + j + (-270)/(-4).
71
Let k(i) = 10*i**2 + 7*i - 6. Let x be k(3). Suppose -293 = -4*v - x. List the prime factors of v.
47
Suppose 11*s = 6*s + 460. Let o(p) = -15*p + 5. Let m be o(3). Let r = s + m. What are the prime factors of r?
2, 13
Let q(i) = -9*i**3 - i**2 + 2*i + 1. Let j(y) = -2*y + 16. Let x be j(9). List the prime factors of q(x).
5, 13
Let k = -28 - -22. What are the prime factors of 45/(-30)*104/k?
2, 13
Suppose 3*k - 3*g - 4251 = 0, 9*k - 1414 = 8*k + 2*g. What are the prime factors of k?
2, 5, 71
Let i = 1030 + -987. List the prime factors of i.
43
What are the prime factors of (8 + 925/(-5))/(2/(-10))?
3, 5, 59
Suppose -6*u = 4*u - 780. Suppose -2*j + 204 = 5*m, 3*m - j = m + u. List the prime factors of m.
2, 5
Suppose -469 = -5*p + 3006. Suppose -2*s = 3*s - p. What are the prime factors of s?
139
S